f 2491 and b.
53
Suppose -3*o = -8*o - 4*o + 22905. What is the greatest common divisor of o and 5?
5
Let z = 16 + -12. Let p(b) = 21*b**2 - 11*b - 8. Let t be p(4). Calculate the highest common divisor of z and t.
4
Suppose 0 = 5*w - 17*y - 3539, 0 = -4*w + 4*y + 1268 + 1496. What is the highest common divisor of w and 1520?
76
Let q be ((-5)/(-4))/(-7 + (-337)/(-48)). Let r = 30 + q. Let t = -3 - -13. What is the greatest common factor of t and r?
10
Let y = 2937 - 3002. Let f = 127 - 46. Let w = y + f. Calculate the greatest common divisor of 64 and w.
16
Let l = 2284 - 2169. What is the greatest common factor of 207 and l?
23
Suppose 0 = -335*s + 308*s + 648. What is the greatest common divisor of 672 and s?
24
Let s be (183/(-2))/((-141)/94). What is the greatest common divisor of 2440 and s?
61
Suppose 2*x - g = -13, -9*x = -12*x + 4*g - 32. Let f be 52 + (-13)/((-13)/x). What is the greatest common divisor of f and 12?
12
Suppose -53*m + 5*b - 7459 = -55*m, -b + 7 = 0. Calculate the highest common divisor of m and 1664.
128
Suppose 115586*y - 115558*y - 10948 = 0. Calculate the highest common factor of y and 2714.
23
Suppose -8*s + 108 + 156 = 0. Let u = 266 - -71. Suppose -u - 257 = -2*r. Calculate the greatest common divisor of s and r.
33
Let u = -28 - -61. Suppose 2*v - p + 136 - 642 = 0, -2*p - 1265 = -5*v. What is the highest common divisor of u and v?
11
Suppose -2*t + 20*m + 93 = 25*m, m = 4*t - 219. Calculate the greatest common divisor of t and 4644.
54
Let x = 15 + 13. Let y(g) = g**3 - 8*g**2 + 19*g - 16. Let d be y(5). Suppose -s + 0 = -d. Calculate the highest common factor of x and s.
4
Suppose -5*w - 635 = 5*s, w - 5*s + 421 = -2*w. Let y = 150 + w. Calculate the highest common factor of 180 and y.
18
Let z be ((-65)/(-20) + -4)*-96. Suppose -143*h = -153*h + 480. Calculate the greatest common divisor of h and z.
24
Suppose g - 19 + 1 = -0*g. Calculate the greatest common divisor of g and 846.
18
Suppose -76*k + 82*k = 0. Suppose -2*w + 8 = k, -10*w = 5*t - 5*w - 895. Calculate the highest common divisor of t and 250.
25
Suppose -5*k + 3*r = -151, -2*k - 204*r + 76 = -200*r. What is the greatest common divisor of k and 76?
4
Let s(w) = 67*w**2 + 3*w + 3. Let z be s(-2). Let n be -53*(3 + 20/(-6) + (-8)/12). Calculate the highest common factor of n and z.
53
Let c(y) = 5*y + 38. Let r be c(-6). Let b be 4/r + 14/4. Let i(x) = 17*x - 37. Let m be i(b). What is the highest common divisor of m and 124?
31
Let a be 309 + (-2)/(-4 - -5 - 3). Let p = a - 271. What is the greatest common factor of 429 and p?
39
Suppose -158 + 1257 = 7*x. Suppose x*m = 167*m - 1760. Let f = 22 + -6. What is the highest common factor of m and f?
16
Let u = 259 + -270. Let t be (141/(-6) - -2)/(u/110). What is the highest common factor of 43 and t?
43
Let o = 28420 - 27956. Calculate the greatest common divisor of o and 16.
16
Let a be (-5 + 257)/(9/2 - 4). Suppose -3*g - 3*m = -a, -g + 0*m + 168 = 3*m. What is the highest common divisor of g and 252?
84
Suppose -179351 = -30*h - 26*h - 1327. Calculate the greatest common divisor of 2023 and h.
289
Suppose 5*m - 7*m + 22610 = 32*m. Calculate the greatest common factor of m and 175.
35
Let d be ((-1918)/(-685))/((-4)/(-10)). What is the highest common factor of 5509 and d?
7
Suppose 0 = 22*u - 85*u - 89*u + 82688. What is the highest common divisor of 1700 and u?
68
Let j be -1*(-17)/2*4. Let g be 6*1 + (974 - (-18)/3). Calculate the greatest common divisor of g and j.
34
Suppose 3*s - 4*s = -3*p - 55, 3*p - 5*s + 59 = 0. Let c(z) = 2*z**2 + 22*z - 57. Let g be c(p). Calculate the greatest common divisor of 45 and g.
15
Suppose 0 = 11*k - 752 - 634. Let l be (-12)/(-18)*6*7. Calculate the greatest common divisor of l and k.
14
Let l be 5*3/(-5) + 2*19. Suppose 5*j = b + 113, -4*j = -0*b - b - 91. Suppose -8 = x - j. Calculate the highest common divisor of l and x.
7
Suppose 126 = 3*a + n, 0 = -4*a + 3*n + 1 + 154. Let m(u) = u**2 + 2*u - 17. Let z be m(10). Let r = z - 62. Calculate the highest common factor of r and a.
41
Suppose 144 = -54*u + 56*u - t, -3*t = -4*u + 288. What is the greatest common divisor of 20 and u?
4
Suppose 0 = j - 2 - 1. Suppose -4*l + 54 = -j*l. What is the highest common factor of l and 6?
6
Let j = -2272 + 2287. Let v = 52 + -19. What is the highest common divisor of v and j?
3
Let c(y) = -5*y + 78. Let o be c(15). Let h(x) = 2*x**3 - 6*x**2 + 4*x + 3. Let k be h(o). Calculate the highest common factor of 735 and k.
15
Let d = -7445 + 7475. What is the highest common factor of 1656 and d?
6
Let t = 925 + -748. What is the highest common divisor of 21 and t?
3
Let n be -2 - 1/((-3)/6). Suppose -h - h + 8 = n. Suppose 8*x - 5 = 3. What is the greatest common factor of x and h?
1
Let v(z) = 2*z**3 + 6*z**2 + 37*z - 16. Let t be v(9). Calculate the greatest common divisor of t and 38.
19
Let f(a) = -a**3 - 25*a**2 - 73*a + 44. Let t be f(-20). Let s = 524 + t. What is the greatest common factor of s and 126?
14
Suppose -8*h + 58 = 10. Let d = 16 - 9. Let t(x) = x**2 - 6*x + 5. Let c be t(d). What is the highest common divisor of c and h?
6
Suppose -10 - 19 = -c + g, 4*g - 16 = 0. Let d be (-8)/(-1) - (9 - 5). Let r be (3/d)/((-2)/(-8)). What is the greatest common divisor of c and r?
3
Let a(r) = 121 + 22*r - 8*r - 25*r. Let i be a(6). What is the highest common factor of 5 and i?
5
Let k(p) = -p**3 - 20*p**2 + 41*p - 28. Let w = 479 + -501. Let m be k(w). What is the greatest common factor of 2 and m?
2
Suppose -10*p + 12*p - 8846 = m, -p + 4426 = m. What is the greatest common factor of 56 and p?
56
Let i = -21 + 173. Suppose t - 2*k - 1212 + i = 0, -1066 = -t + 5*k. Calculate the greatest common factor of 32 and t.
32
Let q(x) = -2*x**2 - 135*x - 311. Let g be q(-60). What is the highest common divisor of 95 and g?
19
Let q(p) = -2*p**2 - 222*p + 500. Let f be q(-105). Calculate the highest common divisor of f and 1120.
160
Let m be (-5)/(((-3)/(-12))/((-1)/4)). Let v be 155 + m + -1 + 1. Calculate the greatest common divisor of 20 and v.
20
Suppose r = -2*r. Suppose -5*w - 4*l + 36 = r, 0 = -2*w - 2*l - l + 20. Calculate the highest common divisor of 36 and w.
4
Suppose 20 = h - 31. Suppose 4*o - 275 = -h. Let v(y) = y**3 - 19*y**2 - 16*y + 4. Let p be v(20). Calculate the highest common divisor of o and p.
28
Let h = -164 - -100. Let a be 30/4*h/(-24). Let j(c) = -c + 30. Let d be j(-10). Calculate the highest common factor of a and d.
20
Let b(k) be the first derivative of 2*k**3/3 + k**2 - k - 208. Let i be b(3). Let h = 424 + -263. Calculate the greatest common divisor of h and i.
23
Let n(f) = 11*f - 17. Suppose 82*h - 30 = 76*h. Let w be n(h). What is the highest common divisor of 418 and w?
38
Suppose 3*t - 2*s - 198 = -3, -21*s - 150 = -4*t. What is the highest common divisor of t and 4577?
23
Let h = 1 - -272. Let y(j) = -j**3 - 3*j**2 + 57*j + 21. Let s be y(6). Calculate the highest common divisor of h and s.
39
Let q = 351 - -3350. Suppose j = -3610 + q. Calculate the greatest common factor of 26 and j.
13
Let q = -134 + 214. Let h be (-27)/(-6)*(-31 - 1). Let x = -124 - h. What is the highest common factor of x and q?
20
Suppose 2*j = -0*j - 8, 0 = -g + j + 786. Suppose -4*v = q + 636, -2*q = -3*v - 2*v - g. Let i = -102 - v. Calculate the greatest common factor of 14 and i.
14
Let d be (-1)/(1 - (0 + 0)). Let x be 35 - (2 + d - 2). Let r be (-11)/1 + 5 + 15 + -3. What is the highest common factor of x and r?
6
Suppose -i - 6 = -11. Let k(y) = 2*y**2 - 8*y + 7. Let g be k(i). Suppose 0*j = -j - 4*o + g, -2*o - 63 = -5*j. What is the highest common factor of 143 and j?
13
Let n(z) = 16*z**2 + 30*z + 21. Let p be n(-3). What is the greatest common divisor of p and 57?
3
Suppose -13*v + 16*v = 6. Suppose 0 = -v*h + 5*h - 15. Suppose 4*u - 72 = h*w - w, -w = 5*u - 114. What is the highest common divisor of 33 and u?
11
Let z(c) = 59*c + 1793. Let o be z(-27). Calculate the greatest common factor of 12 and o.
4
Suppose 17*y - 2540 = -4*d + 13*y, 4*d - 2580 = 4*y. Let x = -609 + d. Let a be 3/((-6)/4) - -64. What is the greatest common divisor of a and x?
31
Let p be ((-3690)/5)/(6/(-12) + -1). Calculate the highest common factor of p and 48.
12
Let x be (-4)/